git of i?
5
Let h(u) = -u**2 + 11*u + 3. Suppose -v - 49 = -4*j, -2*j + v = 2*v - 17. Let p be h(j). Suppose -42 - 21 = -p*b. What is the tens digit of b?
2
Let p(z) be the second derivative of -z**5/20 + z**4/2 - z**3/3 - 3*z**2/2 + 3*z. Let a be p(5). Let c = a - -1. What is the tens digit of c?
1
What is the tens digit of 30*((-39)/(-6) + -3)?
0
What is the tens digit of 355*(-10)/75*-6?
8
Let z = 211 + -154. What is the units digit of z?
7
Let c be (-25)/(-20)*(0 - -4). What is the units digit of 59/c - (-3)/15?
2
Let u(i) = 2*i**3 + 19*i**2 - i + 11. What is the units digit of u(-8)?
1
Let k(n) = -n**3 + 11*n**2 - 11*n + 13. Let x be k(10). Suppose -d - 2*l = -18, -38 = -x*d + 2*l - 4*l. What is the tens digit of d?
1
Let b(m) = 12*m**2 - 2*m + 7. What is the hundreds digit of b(-3)?
1
Suppose v + 3 - 5 = 4*r, -5*r - v = -2. Suppose -6*u + 3*u + 75 = r. Suppose 0 = 4*c + m - 0*m - u, 3*m = -3*c + 21. What is the units digit of c?
6
Let o(r) = r**2 - 4*r + 3. Let f be o(5). Suppose -5*u + 2*s = -12, 5*u + s - 1 = f. What is the units digit of u*(9/2 - -1)?
1
Suppose -4*f - 8 = -0*f. Let x(i) = i**3 - 2*i. Let p be x(2). Let a = f + p. What is the units digit of a?
2
Suppose 2*i + 4 = 2*o - 8, 2*i - 4*o + 18 = 0. Let g be i - -3*(-4)/(-6). What is the units digit of -2*(2 + 0)*g?
4
Let j = -52 - -87. What is the units digit of j?
5
Let u = -49 - -100. What is the tens digit of u?
5
Suppose w + 71 = 4*u, 0*w + 3*w + 80 = 5*u. What is the tens digit of u?
1
Suppose -165 = -2*u - 3*u. What is the units digit of u?
3
Let y = 4 + 40. What is the units digit of y?
4
Let k(i) = i**3 + 5*i**2 - 9*i - 7. Let c be k(-6). Let z = c + 9. What is the tens digit of z?
2
Suppose 2*l = -3*z + 118, 139 - 19 = 3*z + 3*l. What is the units digit of z?
8
Let i(d) = 8*d + 21. What is the units digit of i(7)?
7
Let f = 6 - 4. Suppose 40 = 3*i - 2*i. Suppose 0 = 5*m - 5*c - i, 4*m - 35 = -c + f*c. What is the units digit of m?
9
Let m = -40 - -73. What is the tens digit of m?
3
Let x(i) = i**3 + 8*i**2 + 6*i - 3. Let h be x(-7). Let p be ((-4)/(-6))/((-1)/9). What is the tens digit of 8/p*(-54)/h?
1
What is the units digit of ((-376)/(-32))/((-1)/(-4))?
7
What is the units digit of 208/6 + 8/24?
5
Suppose -4*l + 12 = 4*f, 4*f + 0*l - 12 = l. Suppose -70 = -f*o - 10. What is the units digit of o?
0
Suppose 0 = 2*q - 2*m - 28 - 22, 13 = q + 3*m. What is the units digit of q?
2
Let o = 27 - 21. What is the units digit of o/(-10) + (-263)/(-5)?
2
Let m(g) = -g**2 - 6*g + 7. Let j be m(-8). What is the units digit of (-69)/j - 2/(-6)?
8
Let s(h) = -h - 11. Let d be s(-9). Let x be (32/20)/(d/(-5)). Let n = x - 2. What is the units digit of n?
2
Let j(g) = 2*g**3 + 4*g**2 - 4*g. What is the tens digit of j(2)?
2
Let t(j) = -2*j + 14. What is the units digit of t(-11)?
6
Suppose -23*u + 3370 + 1943 = 0. What is the tens digit of u?
3
Let q(r) = -3*r - 14. Let l be q(-6). Suppose -38 = -5*v + l*v. What is the tens digit of v?
3
Suppose -3*g + 25 = 2*g - 5*t, -5*g - 10 = 2*t. Suppose -2*y - 5*b = -60, 5*y + g*y + 3*b = 169. What is the tens digit of y?
3
Let z = 38 - 24. What is the tens digit of z?
1
Let b = 0 + 1. Let a = b + -1. Suppose -5*f + 40 + 5 = a. What is the units digit of f?
9
Let x = 161 - 64. What is the tens digit of x?
9
Suppose x - 1 - 3 = 0. Suppose 12 = 4*j - x, 4*j = 4*d - 28. What is the tens digit of d?
1
Let l = -5 - -3. What is the units digit of ((-12)/l)/((-6)/(-4))?
4
Let v(d) be the third derivative of -d**4/3 + d**3/6 - 3*d**2. What is the tens digit of v(-2)?
1
Let s(n) = n**2 + n - 1. Let d = -5 - -9. What is the units digit of s(d)?
9
Suppose 0 = 11*v - 112 - 680. What is the units digit of v?
2
Let o = 351 + -240. What is the units digit of o?
1
Let o(n) = n**3 + 6*n**2 - 5*n + 8. Let i be o(-7). Let l be i/(-27) + 34/9. Suppose 0 = -3*j - l*h + 24, h = j + 4 - 19. What is the units digit of j?
2
Suppose -3*y - 3 = -4*n - 0*y, -2*n + 3 = -y. Suppose -n*m + 45 + 9 = 0. What is the units digit of m?
8
Let w(g) = -g**3 + 8*g**2 + 12*g - 6. What is the units digit of w(9)?
1
Let r be (4 + -1)*(-5)/(-3). What is the units digit of ((-3)/(-9))/(r/420)?
8
Let b be 8*((-1 - -2) + 0). Let z = b + -2. Suppose -2*r + 14 + z = 0. What is the tens digit of r?
1
Suppose -10 = -4*j + 2*j. Let n(x) = 5*x - 11. What is the tens digit of n(j)?
1
Suppose -3*q = 4*x - 10, 3*x + 4*q = 3 + 8. Let l = 2 + -1. What is the units digit of (-22)/(-3 + x/l)?
1
Let d(h) be the second derivative of 2*h**3/3 - 2*h**2 - h. What is the units digit of d(3)?
8
Suppose -67 = -y - 5*a + 11, 5*a = 25. Suppose -5 = 4*p - y. What is the tens digit of p?
1
Let d = 6 - 2. Suppose d*n - 13 = 7. Suppose -5*z + x + 10 = 0, -2*z - 3*z + 4*x = n. What is the units digit of z?
3
Suppose 0 = 3*w - 4*w + 31. Suppose -3*h = -3*m - 18 - 21, 0 = 2*h - 3*m - w. What is the units digit of h?
8
Let a(c) = c**3 + 3*c**2 - 3*c - 1. Suppose 4*g + 6 = 2*g. Let t be a(g). What is the units digit of 11/4 + 2/t?
3
What is the hundreds digit of 50540/224 + 3/8?
2
Suppose 5*h + 1 = 16. Suppose -5*v + 18 + 17 = 0. What is the tens digit of v + 6/h - -1?
1
Suppose 2*r - 15 = 3. What is the units digit of r?
9
What is the hundreds digit of (2 - -9)/(1/14 + 0)?
1
Let d = 4 - 3. Let a(r) = 3*r**3 + 2*r**2 - 2*r + 1. Let u be a(d). Suppose 9 = b - u. What is the units digit of b?
3
Suppose 0*o = 2*o + 74. What is the units digit of o/(-6) + (-1)/6?
6
Let m(x) = -12*x - 36. What is the tens digit of m(-11)?
9
Suppose -w + 5*w = 20. Let o = 0 + w. What is the units digit of o?
5
Let m be 1/(-4) + (-183)/(-12). Suppose 0*b = -5*b + m, 17 = w - b. What is the tens digit of w?
2
Let c(r) = r**2 - 7*r + 5. Let q be c(6). Let x = q + 1. Suppose 8*s - 76 = 3*s + g, x = s - 4*g - 19. What is the units digit of s?
5
Let d = 4 - 4. Suppose d = -r + 5 - 1. Suppose -10*c + r = -9*c. What is the units digit of c?
4
Let c(w) = 2*w**2 + 6*w - 9. What is the tens digit of c(-6)?
2
Let o = -87 + 62. Let l be 10/o + (-164)/(-10). Suppose -v + l = v. What is the units digit of v?
8
Suppose 5*j - 4*j - 41 = 0. Let x = 116 - 59. Let k = x - j. What is the units digit of k?
6
Let p = 41 + -8. Suppose 2*d = 61 + p. What is the tens digit of d?
4
Let f(q) = q**3 - q**2 - 3*q + 3. What is the units digit of f(2)?
1
Let p be 69/21 - (-6)/(-21). What is the tens digit of 474/18 - 1/p?
2
Suppose 0 = -2*y - 3*y + 5. Let g = y + 19. What is the units digit of g?
0
Suppose -58 = -3*c + 47. What is the tens digit of c?
3
Let n(c) be the third derivative of -c**6/120 + c**5/12 + 7*c**4/24 - 2*c**3/3 - 3*c**2. What is the units digit of n(6)?
2
Let p(y) = y - 6. Let z be p(5). Let r = 0 + -7. What is the units digit of z + (-1 - (2 + r))?
3
Let g(i) = -i**3 + 5*i**2 - i - 4. Let f be g(3). Let l = f + -1. What is the units digit of l?
0
Suppose -19 - 4 = -5*j + 2*z, -5*j + 20 = -5*z. Let x(w) = w**3 - 5*w**2 - w - 2. Let s be x(j). What is the units digit of (-9)/s - 2/7?
1
Let r = -3 + 12. What is the units digit of r?
9
Suppose 4*o + 0*o - m = 157, -3*o - 5*m = -89. What is the tens digit of o?
3
What is the tens digit of 2/1 + 16 - 3?
1
Suppose 5 = -2*m + 3*m. Suppose -3*t - m*x = -36, 5*t + 2*x = -2*x + 73. What is the tens digit of t?
1
Let n(u) = -u + 2. Let a be n(-3). Suppose l = 5*s - 34 + 7, -25 = -3*s + a*l. What is the units digit of s?
5
Let c(s) = 3*s - 3. Let m be c(2). Let g be -2*6*m/(-12). Suppose 56 = 4*w + g*r, 4*w + r - 50 - 14 = 0. What is the units digit of w?
7
Let i(j) = j + 30. What is the units digit of i(0)?
0
What is the units digit of 3/(4 - 25/7)?
7
Let b(r) be the first derivative of -r**3/3 + 5*r**2/2 + 7*r + 1. What is the units digit of b(5)?
7
Let j(q) = q + 8. Let x be (-2)/8 - (-2)/8. Suppose -4*r - 20 = 5*o, -4*r + x*o + 4 = -o. What is the units digit of j(r)?
8
Suppose -3*t + 87 = -264. Let x = -82 + t. What is the units digit of x?
5
Let n = 64 - 31. What is the units digit of n?
3
Let r(a) = -a - 3. Let u be r(4). Let t = u - -10. Suppose 23 = t*s + 4*j, s = -3*j + 10 + 1. What is the units digit of s?
5
Let d(q) = q - 8. Let l be d(9). What is the units digit of ((-9)/(-2))/(l/2)?
9
Suppose 5*d - 6 = 4*d. Let g = 10 - d. What is the units digit of g?
4
Let r = 18 - -11. Suppose r + 61 = 3*q. Su